{"id":71,"date":"2016-10-14T09:57:29","date_gmt":"2016-10-14T07:57:29","guid":{"rendered":"http:\/\/www.alamel.fr\/?page_id=71"},"modified":"2016-10-22T22:13:16","modified_gmt":"2016-10-22T20:13:16","slug":"petite-enfance","status":"publish","type":"page","link":"https:\/\/www.alamel.fr\/index.php\/les-cours\/petite-enfance\/","title":{"rendered":"Petite enfance"},"content":{"rendered":"<p>La\u00a0section petite enfance se compose de deux classes :<\/p>\n<p><strong><span style=\"color: #800080;\">1 &#8211; Une classe\u00a0pour les\u00a0enfants \u00e0 partir de 3 ans :<\/span><\/strong><\/p>\n<p>L&#8217;objectif ici est l&#8217;initiation \u00e0 l&#8217;alphabet Arabe en utilisant des moyens \u00e9ducatifs diff\u00e9rents des manuels scolaires, l&#8217;enfant \u00e0 cet \u00e2ge a besoin d&#8217;apprendre en s&#8217;amusant, nos enseignantes\u00a0aident les enfants \u00e0 apprendre en\u00a0leur offrant\u00a0une ambiance chaleureuse.<\/p>\n<p><strong><span style=\"color: #800080;\">2- Une classe\u00a0pour les\u00a0enfants \u00e0 partir de 4 ans :<\/span><\/strong><\/p>\n<p>Ici la p\u00e9dagogie Granada est utilis\u00e9e avec le premier manuel la section moyenne maternelle.<\/p>\n<p><img loading=\"lazy\" decoding=\"async\" class=\"alignnone size-medium wp-image-92\" src=\"http:\/\/www.alamel.fr\/wp-content\/uploads\/2016\/10\/Rawdati-300x300.jpg\" alt=\"rawdati\" width=\"300\" height=\"300\" srcset=\"https:\/\/www.alamel.fr\/wp-content\/uploads\/2016\/10\/Rawdati-300x300.jpg 300w, https:\/\/www.alamel.fr\/wp-content\/uploads\/2016\/10\/Rawdati-150x150.jpg 150w, https:\/\/www.alamel.fr\/wp-content\/uploads\/2016\/10\/Rawdati.jpg 600w\" sizes=\"auto, (max-width: 300px) 100vw, 300px\" \/><\/p>\n<p>S&#8217;appuyant sur \u00a0une approche ludique de l\u2019\u00e9criture arabe et des illustrations claires et attractives, ce manuel con\u00e7u pour des enfants de 3 \u00e0 5 ans, vise \u00e0 initier le tout jeune \u00e0 la langue arabe, \u00e0 l\u2019habituer \u00e0 la bonne prononciation et le familiariser aux formes de l\u2019\u00e9criture par l&#8217;amusement et le jeu.<br \/>\nDes autocollants, des jeux d&#8217;adresse et d&#8217;attention, des dessins, des coloriages, des d\u00e9coupages, animent les 84 pages de ce manuel utile et agr\u00e9able.<\/p>\n<p>Vous pouvez cliquer ci-dessous pour voir un aper\u00e7u du livre :<\/p>\n<figure id=\"attachment_222\" aria-describedby=\"caption-attachment-222\" style=\"width: 115px\" class=\"wp-caption alignleft\"><a href=\"http:\/\/www.alamel.fr\/wp-content\/uploads\/2016\/10\/Manuel-section-moyenne.pdf\"><img loading=\"lazy\" decoding=\"async\" class=\"wp-image-222\" src=\"http:\/\/www.alamel.fr\/wp-content\/uploads\/2016\/10\/icone-adobe-reader-150x150.png\" alt=\"Fiche d'inscription pour adultes\" width=\"115\" height=\"115\" srcset=\"https:\/\/www.alamel.fr\/wp-content\/uploads\/2016\/10\/icone-adobe-reader-150x150.png 150w, https:\/\/www.alamel.fr\/wp-content\/uploads\/2016\/10\/icone-adobe-reader-300x300.png 300w, https:\/\/www.alamel.fr\/wp-content\/uploads\/2016\/10\/icone-adobe-reader-270x270.png 270w, https:\/\/www.alamel.fr\/wp-content\/uploads\/2016\/10\/icone-adobe-reader.png 512w\" sizes=\"auto, (max-width: 115px) 100vw, 115px\" \/><\/a><figcaption id=\"caption-attachment-222\" class=\"wp-caption-text\">Manuel Rawdati\u00a0\u00a0 ( classe moyenne section)<\/figcaption><\/figure>\n<p>&nbsp;<\/p>\n<p>&nbsp;<\/p>\n<p>&nbsp;<\/p>\n<p>&nbsp;<\/p>\n<p>&nbsp;<\/p>\n<p>&nbsp;<\/p>\n<p>&nbsp;<\/p>\n<p>&nbsp;<\/p>\n","protected":false},"excerpt":{"rendered":"<p>La\u00a0section petite enfance se compose de deux classes : 1 &#8211; Une classe\u00a0pour les\u00a0enfants \u00e0 partir de 3 ans : L&#8217;objectif ici est l&#8217;initiation \u00e0 l&#8217;alphabet Arabe en utilisant des moyens \u00e9ducatifs diff\u00e9rents des manuels scolaires, l&#8217;enfant \u00e0 cet \u00e2ge <a href=\"https:\/\/www.alamel.fr\/index.php\/les-cours\/petite-enfance\/\" class=\"read-more\">Read More &#8230;<\/a><\/p>\n","protected":false},"author":1,"featured_media":0,"parent":9,"menu_order":0,"comment_status":"closed","ping_status":"closed","template":"","meta":{"footnotes":""},"class_list":["post-71","page","type-page","status-publish","hentry"],"yoast_head":"<!-- This site is optimized with the Yoast SEO plugin v16.4 - https:\/\/yoast.com\/wordpress\/plugins\/seo\/ -->\n<title>Petite enfance | \u00c9cole Al Amel | \u0645\u062f\u0631\u0633\u0629 \u0627\u0644\u0623\u0645\u0644<\/title>\n<meta name=\"robots\" content=\"index, follow, max-snippet:-1, max-image-preview:large, max-video-preview:-1\" \/>\n<link rel=\"canonical\" href=\"https:\/\/www.alamel.fr\/index.php\/les-cours\/petite-enfance\/\" \/>\n<meta property=\"og:locale\" content=\"fr_FR\" \/>\n<meta property=\"og:type\" content=\"article\" \/>\n<meta property=\"og:title\" content=\"Petite enfance | \u00c9cole Al Amel | \u0645\u062f\u0631\u0633\u0629 \u0627\u0644\u0623\u0645\u0644\" \/>\n<meta property=\"og:description\" content=\"La\u00a0section petite enfance se compose de deux classes : 1 &#8211; Une classe\u00a0pour les\u00a0enfants \u00e0 partir de 3 ans : L&#8217;objectif ici est l&#8217;initiation \u00e0 l&#8217;alphabet Arabe en utilisant des moyens \u00e9ducatifs diff\u00e9rents des manuels scolaires, l&#8217;enfant \u00e0 cet \u00e2ge Read More ...\" \/>\n<meta property=\"og:url\" content=\"https:\/\/www.alamel.fr\/index.php\/les-cours\/petite-enfance\/\" \/>\n<meta property=\"og:site_name\" content=\"\u00c9cole Al Amel | \u0645\u062f\u0631\u0633\u0629 \u0627\u0644\u0623\u0645\u0644\" \/>\n<meta property=\"article:modified_time\" content=\"2016-10-22T20:13:16+00:00\" \/>\n<meta property=\"og:image\" content=\"http:\/\/www.alamel.fr\/wp-content\/uploads\/2016\/10\/Rawdati-300x300.jpg\" \/>\n<meta name=\"twitter:card\" content=\"summary\" \/>\n<meta name=\"twitter:label1\" content=\"Dur\u00e9e de lecture est.\" \/>\n\t<meta name=\"twitter:data1\" content=\"1 minute\" \/>\n<script type=\"application\/ld+json\" class=\"yoast-schema-graph\">{\"@context\":\"https:\/\/schema.org\",\"@graph\":[{\"@type\":\"Organization\",\"@id\":\"https:\/\/www.alamel.fr\/#organization\",\"name\":\"Association Culturelle Islamique Cherbourg\",\"url\":\"https:\/\/www.alamel.fr\/\",\"sameAs\":[],\"logo\":{\"@type\":\"ImageObject\",\"@id\":\"https:\/\/www.alamel.fr\/#logo\",\"inLanguage\":\"fr-FR\",\"url\":\"https:\/\/www.alamel.fr\/wp-content\/uploads\/2016\/10\/cropped-cropped-logo-ecole-de-lespoir-3-1-1.jpg\",\"contentUrl\":\"https:\/\/www.alamel.fr\/wp-content\/uploads\/2016\/10\/cropped-cropped-logo-ecole-de-lespoir-3-1-1.jpg\",\"width\":512,\"height\":512,\"caption\":\"Association Culturelle Islamique Cherbourg\"},\"image\":{\"@id\":\"https:\/\/www.alamel.fr\/#logo\"}},{\"@type\":\"WebSite\",\"@id\":\"https:\/\/www.alamel.fr\/#website\",\"url\":\"https:\/\/www.alamel.fr\/\",\"name\":\"\\u00c9cole Al Amel | \\u0645\\u062f\\u0631\\u0633\\u0629 \\u0627\\u0644\\u0623\\u0645\\u0644\",\"description\":\"Parce que l&#039;Arabe est une fi\\u00e8rt\\u00e9...\",\"publisher\":{\"@id\":\"https:\/\/www.alamel.fr\/#organization\"},\"potentialAction\":[{\"@type\":\"SearchAction\",\"target\":\"https:\/\/www.alamel.fr\/?s={search_term_string}\",\"query-input\":\"required name=search_term_string\"}],\"inLanguage\":\"fr-FR\"},{\"@type\":\"ImageObject\",\"@id\":\"https:\/\/www.alamel.fr\/index.php\/les-cours\/petite-enfance\/#primaryimage\",\"inLanguage\":\"fr-FR\",\"url\":\"http:\/\/www.alamel.fr\/wp-content\/uploads\/2016\/10\/Rawdati-300x300.jpg\",\"contentUrl\":\"http:\/\/www.alamel.fr\/wp-content\/uploads\/2016\/10\/Rawdati-300x300.jpg\"},{\"@type\":\"WebPage\",\"@id\":\"https:\/\/www.alamel.fr\/index.php\/les-cours\/petite-enfance\/#webpage\",\"url\":\"https:\/\/www.alamel.fr\/index.php\/les-cours\/petite-enfance\/\",\"name\":\"Petite enfance | \\u00c9cole Al Amel | \\u0645\\u062f\\u0631\\u0633\\u0629 \\u0627\\u0644\\u0623\\u0645\\u0644\",\"isPartOf\":{\"@id\":\"https:\/\/www.alamel.fr\/#website\"},\"primaryImageOfPage\":{\"@id\":\"https:\/\/www.alamel.fr\/index.php\/les-cours\/petite-enfance\/#primaryimage\"},\"datePublished\":\"2016-10-14T07:57:29+00:00\",\"dateModified\":\"2016-10-22T20:13:16+00:00\",\"breadcrumb\":{\"@id\":\"https:\/\/www.alamel.fr\/index.php\/les-cours\/petite-enfance\/#breadcrumb\"},\"inLanguage\":\"fr-FR\",\"potentialAction\":[{\"@type\":\"ReadAction\",\"target\":[\"https:\/\/www.alamel.fr\/index.php\/les-cours\/petite-enfance\/\"]}]},{\"@type\":\"BreadcrumbList\",\"@id\":\"https:\/\/www.alamel.fr\/index.php\/les-cours\/petite-enfance\/#breadcrumb\",\"itemListElement\":[{\"@type\":\"ListItem\",\"position\":1,\"item\":{\"@type\":\"WebPage\",\"@id\":\"https:\/\/www.alamel.fr\/\",\"url\":\"https:\/\/www.alamel.fr\/\",\"name\":\"Accueil\"}},{\"@type\":\"ListItem\",\"position\":2,\"item\":{\"@type\":\"WebPage\",\"@id\":\"https:\/\/www.alamel.fr\/index.php\/les-cours\/\",\"url\":\"https:\/\/www.alamel.fr\/index.php\/les-cours\/\",\"name\":\"Les cours\"}},{\"@type\":\"ListItem\",\"position\":3,\"item\":{\"@id\":\"https:\/\/www.alamel.fr\/index.php\/les-cours\/petite-enfance\/#webpage\"}}]}]}<\/script>\n<!-- \/ Yoast SEO plugin. -->","_links":{"self":[{"href":"https:\/\/www.alamel.fr\/index.php\/wp-json\/wp\/v2\/pages\/71","targetHints":{"allow":["GET"]}}],"collection":[{"href":"https:\/\/www.alamel.fr\/index.php\/wp-json\/wp\/v2\/pages"}],"about":[{"href":"https:\/\/www.alamel.fr\/index.php\/wp-json\/wp\/v2\/types\/page"}],"author":[{"embeddable":true,"href":"https:\/\/www.alamel.fr\/index.php\/wp-json\/wp\/v2\/users\/1"}],"replies":[{"embeddable":true,"href":"https:\/\/www.alamel.fr\/index.php\/wp-json\/wp\/v2\/comments?post=71"}],"version-history":[{"count":11,"href":"https:\/\/www.alamel.fr\/index.php\/wp-json\/wp\/v2\/pages\/71\/revisions"}],"predecessor-version":[{"id":253,"href":"https:\/\/www.alamel.fr\/index.php\/wp-json\/wp\/v2\/pages\/71\/revisions\/253"}],"up":[{"embeddable":true,"href":"https:\/\/www.alamel.fr\/index.php\/wp-json\/wp\/v2\/pages\/9"}],"wp:attachment":[{"href":"https:\/\/www.alamel.fr\/index.php\/wp-json\/wp\/v2\/media?parent=71"}],"curies":[{"name":"wp","href":"https:\/\/api.w.org\/{rel}","templated":true}]}}