{"id":167,"date":"2016-10-16T14:03:47","date_gmt":"2016-10-16T12:03:47","guid":{"rendered":"http:\/\/www.alamel.fr\/?page_id=167"},"modified":"2016-10-19T11:09:54","modified_gmt":"2016-10-19T09:09:54","slug":"arabe-adultes","status":"publish","type":"page","link":"https:\/\/www.alamel.fr\/index.php\/les-cours\/adultes\/tout-public\/arabe-adultes\/","title":{"rendered":"Arabe adultes"},"content":{"rendered":"<p>Cette ann\u00e9e par la gr\u00e2ce d&#8217;Allah nous comptons mettre en place\u00a0deux classes d&#8217;apprentissage de la langue Arabe, nous utilisons cette fois-ci la p\u00e9dagogie Granada pour adultes sur 3 niveaux.<\/p>\n<ul>\n<li>Le niveau 1 :<\/li>\n<\/ul>\n<p><img loading=\"lazy\" decoding=\"async\" class=\"alignnone size-medium wp-image-171\" src=\"http:\/\/www.alamel.fr\/wp-content\/uploads\/2016\/10\/Arabe-pour-adultes-n1-300x300.jpg\" alt=\"arabe-pour-adultes-n1\" width=\"300\" height=\"300\" srcset=\"https:\/\/www.alamel.fr\/wp-content\/uploads\/2016\/10\/Arabe-pour-adultes-n1-300x300.jpg 300w, https:\/\/www.alamel.fr\/wp-content\/uploads\/2016\/10\/Arabe-pour-adultes-n1-150x150.jpg 150w, https:\/\/www.alamel.fr\/wp-content\/uploads\/2016\/10\/Arabe-pour-adultes-n1-270x270.jpg 270w, https:\/\/www.alamel.fr\/wp-content\/uploads\/2016\/10\/Arabe-pour-adultes-n1.jpg 600w\" sizes=\"auto, (max-width: 300px) 100vw, 300px\" \/><\/p>\n<p>Description : L&#8217;\u00e9tudiant comprend et utilise des expressions famili\u00e8res et quotidiennes ainsi que des \u00e9nonc\u00e9s tr\u00e8s simples. Il peut se pr\u00e9senter ou pr\u00e9senter quelqu&#8217;un et poser des questions. Il peut r\u00e9pondre au m\u00eame type de questions et communiquer de fa\u00e7on simple si l&#8217;interlocuteur parle lentement, distinctement et se montre coop\u00e9ratif.<\/p>\n<p>Le niveau 1 concerne :<\/p>\n<ul>\n<li>Une classe pour les hommes<\/li>\n<li>Une classe pour les femmes<\/li>\n<\/ul>\n<p>Vous pouvez <a href=\"http:\/\/www.alamel.fr\/index.php\/contact\/\">nous contacter <\/a>pour plus d&#8217;informations.<\/p>\n<p>&nbsp;<\/p>\n","protected":false},"excerpt":{"rendered":"<p>Cette ann\u00e9e par la gr\u00e2ce d&#8217;Allah nous comptons mettre en place\u00a0deux classes d&#8217;apprentissage de la langue Arabe, nous utilisons cette fois-ci la p\u00e9dagogie Granada pour adultes sur 3 niveaux. Le niveau 1 : Description : L&#8217;\u00e9tudiant comprend et utilise des <a href=\"https:\/\/www.alamel.fr\/index.php\/les-cours\/adultes\/tout-public\/arabe-adultes\/\" class=\"read-more\">Read More &#8230;<\/a><\/p>\n","protected":false},"author":1,"featured_media":0,"parent":133,"menu_order":0,"comment_status":"closed","ping_status":"closed","template":"","meta":{"footnotes":""},"class_list":["post-167","page","type-page","status-publish","hentry"],"yoast_head":"<!-- This site is optimized with the Yoast SEO plugin v16.4 - https:\/\/yoast.com\/wordpress\/plugins\/seo\/ -->\n<title>Arabe adultes | \u00c9cole Al Amel | \u0645\u062f\u0631\u0633\u0629 \u0627\u0644\u0623\u0645\u0644<\/title>\n<meta name=\"robots\" content=\"index, follow, max-snippet:-1, max-image-preview:large, max-video-preview:-1\" \/>\n<link rel=\"canonical\" href=\"https:\/\/www.alamel.fr\/index.php\/les-cours\/adultes\/tout-public\/arabe-adultes\/\" \/>\n<meta property=\"og:locale\" content=\"fr_FR\" \/>\n<meta property=\"og:type\" content=\"article\" \/>\n<meta property=\"og:title\" content=\"Arabe adultes | \u00c9cole Al Amel | \u0645\u062f\u0631\u0633\u0629 \u0627\u0644\u0623\u0645\u0644\" \/>\n<meta property=\"og:description\" content=\"Cette ann\u00e9e par la gr\u00e2ce d&#8217;Allah nous comptons mettre en place\u00a0deux classes d&#8217;apprentissage de la langue Arabe, nous utilisons cette fois-ci la p\u00e9dagogie Granada pour adultes sur 3 niveaux. Le niveau 1 : Description : L&#8217;\u00e9tudiant comprend et utilise des Read More ...\" \/>\n<meta property=\"og:url\" content=\"https:\/\/www.alamel.fr\/index.php\/les-cours\/adultes\/tout-public\/arabe-adultes\/\" \/>\n<meta property=\"og:site_name\" content=\"\u00c9cole Al Amel | \u0645\u062f\u0631\u0633\u0629 \u0627\u0644\u0623\u0645\u0644\" \/>\n<meta property=\"article:modified_time\" content=\"2016-10-19T09:09:54+00:00\" \/>\n<meta property=\"og:image\" content=\"http:\/\/www.alamel.fr\/wp-content\/uploads\/2016\/10\/Arabe-pour-adultes-n1-300x300.jpg\" \/>\n<meta name=\"twitter:card\" content=\"summary\" \/>\n<meta name=\"twitter:label1\" content=\"Dur\u00e9e de lecture est.\" \/>\n\t<meta name=\"twitter:data1\" content=\"1 minute\" \/>\n<script type=\"application\/ld+json\" class=\"yoast-schema-graph\">{\"@context\":\"https:\/\/schema.org\",\"@graph\":[{\"@type\":\"Organization\",\"@id\":\"https:\/\/www.alamel.fr\/#organization\",\"name\":\"Association Culturelle Islamique Cherbourg\",\"url\":\"https:\/\/www.alamel.fr\/\",\"sameAs\":[],\"logo\":{\"@type\":\"ImageObject\",\"@id\":\"https:\/\/www.alamel.fr\/#logo\",\"inLanguage\":\"fr-FR\",\"url\":\"https:\/\/www.alamel.fr\/wp-content\/uploads\/2016\/10\/cropped-cropped-logo-ecole-de-lespoir-3-1-1.jpg\",\"contentUrl\":\"https:\/\/www.alamel.fr\/wp-content\/uploads\/2016\/10\/cropped-cropped-logo-ecole-de-lespoir-3-1-1.jpg\",\"width\":512,\"height\":512,\"caption\":\"Association Culturelle Islamique Cherbourg\"},\"image\":{\"@id\":\"https:\/\/www.alamel.fr\/#logo\"}},{\"@type\":\"WebSite\",\"@id\":\"https:\/\/www.alamel.fr\/#website\",\"url\":\"https:\/\/www.alamel.fr\/\",\"name\":\"\\u00c9cole Al Amel | \\u0645\\u062f\\u0631\\u0633\\u0629 \\u0627\\u0644\\u0623\\u0645\\u0644\",\"description\":\"Parce que l&#039;Arabe est une fi\\u00e8rt\\u00e9...\",\"publisher\":{\"@id\":\"https:\/\/www.alamel.fr\/#organization\"},\"potentialAction\":[{\"@type\":\"SearchAction\",\"target\":\"https:\/\/www.alamel.fr\/?s={search_term_string}\",\"query-input\":\"required name=search_term_string\"}],\"inLanguage\":\"fr-FR\"},{\"@type\":\"ImageObject\",\"@id\":\"https:\/\/www.alamel.fr\/index.php\/les-cours\/adultes\/tout-public\/arabe-adultes\/#primaryimage\",\"inLanguage\":\"fr-FR\",\"url\":\"http:\/\/www.alamel.fr\/wp-content\/uploads\/2016\/10\/Arabe-pour-adultes-n1-300x300.jpg\",\"contentUrl\":\"http:\/\/www.alamel.fr\/wp-content\/uploads\/2016\/10\/Arabe-pour-adultes-n1-300x300.jpg\"},{\"@type\":\"WebPage\",\"@id\":\"https:\/\/www.alamel.fr\/index.php\/les-cours\/adultes\/tout-public\/arabe-adultes\/#webpage\",\"url\":\"https:\/\/www.alamel.fr\/index.php\/les-cours\/adultes\/tout-public\/arabe-adultes\/\",\"name\":\"Arabe adultes | \\u00c9cole Al Amel | \\u0645\\u062f\\u0631\\u0633\\u0629 \\u0627\\u0644\\u0623\\u0645\\u0644\",\"isPartOf\":{\"@id\":\"https:\/\/www.alamel.fr\/#website\"},\"primaryImageOfPage\":{\"@id\":\"https:\/\/www.alamel.fr\/index.php\/les-cours\/adultes\/tout-public\/arabe-adultes\/#primaryimage\"},\"datePublished\":\"2016-10-16T12:03:47+00:00\",\"dateModified\":\"2016-10-19T09:09:54+00:00\",\"breadcrumb\":{\"@id\":\"https:\/\/www.alamel.fr\/index.php\/les-cours\/adultes\/tout-public\/arabe-adultes\/#breadcrumb\"},\"inLanguage\":\"fr-FR\",\"potentialAction\":[{\"@type\":\"ReadAction\",\"target\":[\"https:\/\/www.alamel.fr\/index.php\/les-cours\/adultes\/tout-public\/arabe-adultes\/\"]}]},{\"@type\":\"BreadcrumbList\",\"@id\":\"https:\/\/www.alamel.fr\/index.php\/les-cours\/adultes\/tout-public\/arabe-adultes\/#breadcrumb\",\"itemListElement\":[{\"@type\":\"ListItem\",\"position\":1,\"item\":{\"@type\":\"WebPage\",\"@id\":\"https:\/\/www.alamel.fr\/\",\"url\":\"https:\/\/www.alamel.fr\/\",\"name\":\"Accueil\"}},{\"@type\":\"ListItem\",\"position\":2,\"item\":{\"@type\":\"WebPage\",\"@id\":\"https:\/\/www.alamel.fr\/index.php\/les-cours\/\",\"url\":\"https:\/\/www.alamel.fr\/index.php\/les-cours\/\",\"name\":\"Les cours\"}},{\"@type\":\"ListItem\",\"position\":3,\"item\":{\"@type\":\"WebPage\",\"@id\":\"https:\/\/www.alamel.fr\/index.php\/les-cours\/adultes\/\",\"url\":\"https:\/\/www.alamel.fr\/index.php\/les-cours\/adultes\/\",\"name\":\"Adultes\"}},{\"@type\":\"ListItem\",\"position\":4,\"item\":{\"@type\":\"WebPage\",\"@id\":\"https:\/\/www.alamel.fr\/index.php\/les-cours\/adultes\/tout-public\/\",\"url\":\"https:\/\/www.alamel.fr\/index.php\/les-cours\/adultes\/tout-public\/\",\"name\":\"Tout public\"}},{\"@type\":\"ListItem\",\"position\":5,\"item\":{\"@id\":\"https:\/\/www.alamel.fr\/index.php\/les-cours\/adultes\/tout-public\/arabe-adultes\/#webpage\"}}]}]}<\/script>\n<!-- \/ Yoast SEO plugin. -->","_links":{"self":[{"href":"https:\/\/www.alamel.fr\/index.php\/wp-json\/wp\/v2\/pages\/167","targetHints":{"allow":["GET"]}}],"collection":[{"href":"https:\/\/www.alamel.fr\/index.php\/wp-json\/wp\/v2\/pages"}],"about":[{"href":"https:\/\/www.alamel.fr\/index.php\/wp-json\/wp\/v2\/types\/page"}],"author":[{"embeddable":true,"href":"https:\/\/www.alamel.fr\/index.php\/wp-json\/wp\/v2\/users\/1"}],"replies":[{"embeddable":true,"href":"https:\/\/www.alamel.fr\/index.php\/wp-json\/wp\/v2\/comments?post=167"}],"version-history":[{"count":4,"href":"https:\/\/www.alamel.fr\/index.php\/wp-json\/wp\/v2\/pages\/167\/revisions"}],"predecessor-version":[{"id":244,"href":"https:\/\/www.alamel.fr\/index.php\/wp-json\/wp\/v2\/pages\/167\/revisions\/244"}],"up":[{"embeddable":true,"href":"https:\/\/www.alamel.fr\/index.php\/wp-json\/wp\/v2\/pages\/133"}],"wp:attachment":[{"href":"https:\/\/www.alamel.fr\/index.php\/wp-json\/wp\/v2\/media?parent=167"}],"curies":[{"name":"wp","href":"https:\/\/api.w.org\/{rel}","templated":true}]}}