{"id":12,"date":"2016-10-10T18:49:31","date_gmt":"2016-10-10T16:49:31","guid":{"rendered":"http:\/\/www.alamel.fr\/?page_id=12"},"modified":"2016-10-14T10:29:43","modified_gmt":"2016-10-14T08:29:43","slug":"pedagogie","status":"publish","type":"page","link":"https:\/\/www.alamel.fr\/index.php\/pedagogie\/","title":{"rendered":"P\u00e9dagogie"},"content":{"rendered":"<p><span style=\"color: #800080;\"><strong>Editions GRANADA<\/strong> <\/span>est le leader mondial dans son domaine, avec plus de 200.000 \u00e9l\u00e8ves qui utilisent\u00a0ses m\u00e9thodes d\u2019apprentissage de la langue arabe (Beaucoup d&#8217;\u00e9coles et de mosqu\u00e9es en France et en Europe utilisent\u00a0ses outils d\u2019apprentissage).<\/p>\n<p>L&#8217;\u00e9cole Alamel en concertation avec ses enseignants a fait le choix d&#8217;utiliser cette m\u00e9thode, cette derni\u00e8re\u00a0a \u00e9t\u00e9 \u00e9labor\u00e9e sp\u00e9cialement pour un apprentissage dans un environnement non-arabophone.<\/p>\n<p>Les principales particularit\u00e9s de la p\u00e9dagogie Granada sont les\u00a0suivantes :<\/p>\n<p><span style=\"color: #800080;\">1 &#8211; Une immersion semi-totale<\/span><\/p>\n<p><span style=\"color: #800080;\">2 &#8211; Pas de langue interm\u00e9diaire<\/span><\/p>\n<p><span style=\"color: #800080;\">3 &#8211; On apprend pas une langue \u00e9trang\u00e8re comme une langue maternelle !<\/span><\/p>\n<p><span style=\"color: #800080;\">4 &#8211; M\u00e9thode Globale + Analytique + Compositionnelle<\/span><\/p>\n<p>En parall\u00e8le des livres scolaires Granada nous disposons \u00e9galement des supports informatiques (DVD) qui reprennent le m\u00eame programme des livres et permettent de travailler l&#8217;expression \u00e9crite, orale et le vocabulaire.<\/p>\n<p>Nous utilisons \u00e9galement des projections d&#8217;images, vid\u00e9os et des activit\u00e9s \u00e9ducatives.<\/p>\n<p>Pour plus d&#8217;informations nous vous invitons \u00e0 consulter la page internet des \u00e9ditions Granada :<\/p>\n<p><a href=\"http:\/\/www.granadaeditions.com\/\">http:\/\/www.granadaeditions.com\/<\/a><\/p>\n<p><img loading=\"lazy\" decoding=\"async\" class=\"alignnone  wp-image-68\" src=\"http:\/\/www.alamel.fr\/wp-content\/uploads\/2016\/10\/logo-Granada.png\" alt=\"logo-granada\" width=\"127\" height=\"127\" srcset=\"https:\/\/www.alamel.fr\/wp-content\/uploads\/2016\/10\/logo-Granada.png 270w, https:\/\/www.alamel.fr\/wp-content\/uploads\/2016\/10\/logo-Granada-150x150.png 150w\" sizes=\"auto, (max-width: 127px) 100vw, 127px\" \/><\/p>\n<p>&nbsp;<\/p>\n","protected":false},"excerpt":{"rendered":"<p>Editions GRANADA est le leader mondial dans son domaine, avec plus de 200.000 \u00e9l\u00e8ves qui utilisent\u00a0ses m\u00e9thodes d\u2019apprentissage de la langue arabe (Beaucoup d&#8217;\u00e9coles et de mosqu\u00e9es en France et en Europe utilisent\u00a0ses outils d\u2019apprentissage). L&#8217;\u00e9cole Alamel en concertation avec <a href=\"https:\/\/www.alamel.fr\/index.php\/pedagogie\/\" class=\"read-more\">Read More &#8230;<\/a><\/p>\n","protected":false},"author":1,"featured_media":0,"parent":0,"menu_order":0,"comment_status":"closed","ping_status":"closed","template":"","meta":{"footnotes":""},"class_list":["post-12","page","type-page","status-publish","hentry"],"yoast_head":"<!-- This site is optimized with the Yoast SEO plugin v16.4 - https:\/\/yoast.com\/wordpress\/plugins\/seo\/ -->\n<title>P\u00e9dagogie | \u00c9cole Al Amel | \u0645\u062f\u0631\u0633\u0629 \u0627\u0644\u0623\u0645\u0644<\/title>\n<meta name=\"robots\" content=\"index, follow, max-snippet:-1, max-image-preview:large, max-video-preview:-1\" \/>\n<link rel=\"canonical\" href=\"https:\/\/www.alamel.fr\/index.php\/pedagogie\/\" \/>\n<meta property=\"og:locale\" content=\"fr_FR\" \/>\n<meta property=\"og:type\" content=\"article\" \/>\n<meta property=\"og:title\" content=\"P\u00e9dagogie | \u00c9cole Al Amel | \u0645\u062f\u0631\u0633\u0629 \u0627\u0644\u0623\u0645\u0644\" \/>\n<meta property=\"og:description\" content=\"Editions GRANADA est le leader mondial dans son domaine, avec plus de 200.000 \u00e9l\u00e8ves qui utilisent\u00a0ses m\u00e9thodes d\u2019apprentissage de la langue arabe (Beaucoup d&#8217;\u00e9coles et de mosqu\u00e9es en France et en Europe utilisent\u00a0ses outils d\u2019apprentissage). L&#8217;\u00e9cole Alamel en concertation avec Read More ...\" \/>\n<meta property=\"og:url\" content=\"https:\/\/www.alamel.fr\/index.php\/pedagogie\/\" \/>\n<meta property=\"og:site_name\" content=\"\u00c9cole Al Amel | \u0645\u062f\u0631\u0633\u0629 \u0627\u0644\u0623\u0645\u0644\" \/>\n<meta property=\"article:modified_time\" content=\"2016-10-14T08:29:43+00:00\" \/>\n<meta property=\"og:image\" content=\"http:\/\/www.alamel.fr\/wp-content\/uploads\/2016\/10\/logo-Granada.png\" \/>\n<meta name=\"twitter:card\" content=\"summary\" \/>\n<meta name=\"twitter:label1\" content=\"Dur\u00e9e de lecture est.\" \/>\n\t<meta name=\"twitter:data1\" content=\"1 minute\" \/>\n<script type=\"application\/ld+json\" class=\"yoast-schema-graph\">{\"@context\":\"https:\/\/schema.org\",\"@graph\":[{\"@type\":\"Organization\",\"@id\":\"https:\/\/www.alamel.fr\/#organization\",\"name\":\"Association Culturelle Islamique Cherbourg\",\"url\":\"https:\/\/www.alamel.fr\/\",\"sameAs\":[],\"logo\":{\"@type\":\"ImageObject\",\"@id\":\"https:\/\/www.alamel.fr\/#logo\",\"inLanguage\":\"fr-FR\",\"url\":\"https:\/\/www.alamel.fr\/wp-content\/uploads\/2016\/10\/cropped-cropped-logo-ecole-de-lespoir-3-1-1.jpg\",\"contentUrl\":\"https:\/\/www.alamel.fr\/wp-content\/uploads\/2016\/10\/cropped-cropped-logo-ecole-de-lespoir-3-1-1.jpg\",\"width\":512,\"height\":512,\"caption\":\"Association Culturelle Islamique Cherbourg\"},\"image\":{\"@id\":\"https:\/\/www.alamel.fr\/#logo\"}},{\"@type\":\"WebSite\",\"@id\":\"https:\/\/www.alamel.fr\/#website\",\"url\":\"https:\/\/www.alamel.fr\/\",\"name\":\"\\u00c9cole Al Amel | \\u0645\\u062f\\u0631\\u0633\\u0629 \\u0627\\u0644\\u0623\\u0645\\u0644\",\"description\":\"Parce que l&#039;Arabe est une fi\\u00e8rt\\u00e9...\",\"publisher\":{\"@id\":\"https:\/\/www.alamel.fr\/#organization\"},\"potentialAction\":[{\"@type\":\"SearchAction\",\"target\":\"https:\/\/www.alamel.fr\/?s={search_term_string}\",\"query-input\":\"required name=search_term_string\"}],\"inLanguage\":\"fr-FR\"},{\"@type\":\"ImageObject\",\"@id\":\"https:\/\/www.alamel.fr\/index.php\/pedagogie\/#primaryimage\",\"inLanguage\":\"fr-FR\",\"url\":\"http:\/\/www.alamel.fr\/wp-content\/uploads\/2016\/10\/logo-Granada.png\",\"contentUrl\":\"http:\/\/www.alamel.fr\/wp-content\/uploads\/2016\/10\/logo-Granada.png\"},{\"@type\":\"WebPage\",\"@id\":\"https:\/\/www.alamel.fr\/index.php\/pedagogie\/#webpage\",\"url\":\"https:\/\/www.alamel.fr\/index.php\/pedagogie\/\",\"name\":\"P\\u00e9dagogie | \\u00c9cole Al Amel | \\u0645\\u062f\\u0631\\u0633\\u0629 \\u0627\\u0644\\u0623\\u0645\\u0644\",\"isPartOf\":{\"@id\":\"https:\/\/www.alamel.fr\/#website\"},\"primaryImageOfPage\":{\"@id\":\"https:\/\/www.alamel.fr\/index.php\/pedagogie\/#primaryimage\"},\"datePublished\":\"2016-10-10T16:49:31+00:00\",\"dateModified\":\"2016-10-14T08:29:43+00:00\",\"breadcrumb\":{\"@id\":\"https:\/\/www.alamel.fr\/index.php\/pedagogie\/#breadcrumb\"},\"inLanguage\":\"fr-FR\",\"potentialAction\":[{\"@type\":\"ReadAction\",\"target\":[\"https:\/\/www.alamel.fr\/index.php\/pedagogie\/\"]}]},{\"@type\":\"BreadcrumbList\",\"@id\":\"https:\/\/www.alamel.fr\/index.php\/pedagogie\/#breadcrumb\",\"itemListElement\":[{\"@type\":\"ListItem\",\"position\":1,\"item\":{\"@type\":\"WebPage\",\"@id\":\"https:\/\/www.alamel.fr\/\",\"url\":\"https:\/\/www.alamel.fr\/\",\"name\":\"Accueil\"}},{\"@type\":\"ListItem\",\"position\":2,\"item\":{\"@id\":\"https:\/\/www.alamel.fr\/index.php\/pedagogie\/#webpage\"}}]}]}<\/script>\n<!-- \/ Yoast SEO plugin. -->","_links":{"self":[{"href":"https:\/\/www.alamel.fr\/index.php\/wp-json\/wp\/v2\/pages\/12","targetHints":{"allow":["GET"]}}],"collection":[{"href":"https:\/\/www.alamel.fr\/index.php\/wp-json\/wp\/v2\/pages"}],"about":[{"href":"https:\/\/www.alamel.fr\/index.php\/wp-json\/wp\/v2\/types\/page"}],"author":[{"embeddable":true,"href":"https:\/\/www.alamel.fr\/index.php\/wp-json\/wp\/v2\/users\/1"}],"replies":[{"embeddable":true,"href":"https:\/\/www.alamel.fr\/index.php\/wp-json\/wp\/v2\/comments?post=12"}],"version-history":[{"count":9,"href":"https:\/\/www.alamel.fr\/index.php\/wp-json\/wp\/v2\/pages\/12\/revisions"}],"predecessor-version":[{"id":90,"href":"https:\/\/www.alamel.fr\/index.php\/wp-json\/wp\/v2\/pages\/12\/revisions\/90"}],"wp:attachment":[{"href":"https:\/\/www.alamel.fr\/index.php\/wp-json\/wp\/v2\/media?parent=12"}],"curies":[{"name":"wp","href":"https:\/\/api.w.org\/{rel}","templated":true}]}}